{"id":2725,"date":"2026-03-01T22:57:00","date_gmt":"2026-03-01T22:57:00","guid":{"rendered":"https:\/\/mascotasipasa.com.mx\/?post_type=product&#038;p=2725"},"modified":"2026-03-01T22:57:00","modified_gmt":"2026-03-01T22:57:00","slug":"transportado-de-mascotas","status":"publish","type":"product","link":"https:\/\/mascotasipasa.com.mx\/index.php\/product\/transportado-de-mascotas\/","title":{"rendered":"TRANSPORTADO DE MASCOTAS"},"content":{"rendered":"<p>TRANSPORTADORA DE PL\u00c1STICO Y PUERTA MET\u00c1LICA PARA MASCOTAS TAMA\u00d1O MEDIANO<\/p>\n","protected":false},"excerpt":{"rendered":"<p>TRANSPORTADORA DE PL\u00c1STICO Y PUERTA MET\u00c1LICA PARA MASCOTAS TAMA\u00d1O MEDIANO<\/p>\n","protected":false},"featured_media":2668,"comment_status":"open","ping_status":"closed","template":"","meta":[],"product_cat":[98],"product_tag":[],"_links":{"self":[{"href":"https:\/\/mascotasipasa.com.mx\/index.php\/wp-json\/wp\/v2\/product\/2725"}],"collection":[{"href":"https:\/\/mascotasipasa.com.mx\/index.php\/wp-json\/wp\/v2\/product"}],"about":[{"href":"https:\/\/mascotasipasa.com.mx\/index.php\/wp-json\/wp\/v2\/types\/product"}],"replies":[{"embeddable":true,"href":"https:\/\/mascotasipasa.com.mx\/index.php\/wp-json\/wp\/v2\/comments?post=2725"}],"wp:featuredmedia":[{"embeddable":true,"href":"https:\/\/mascotasipasa.com.mx\/index.php\/wp-json\/wp\/v2\/media\/2668"}],"wp:attachment":[{"href":"https:\/\/mascotasipasa.com.mx\/index.php\/wp-json\/wp\/v2\/media?parent=2725"}],"wp:term":[{"taxonomy":"product_cat","embeddable":true,"href":"https:\/\/mascotasipasa.com.mx\/index.php\/wp-json\/wp\/v2\/product_cat?post=2725"},{"taxonomy":"product_tag","embeddable":true,"href":"https:\/\/mascotasipasa.com.mx\/index.php\/wp-json\/wp\/v2\/product_tag?post=2725"}],"curies":[{"name":"wp","href":"https:\/\/api.w.org\/{rel}","templated":true}]}}