{"id":2547,"date":"2024-04-19T20:45:21","date_gmt":"2024-04-19T20:45:21","guid":{"rendered":"https:\/\/mascotasipasa.com.mx\/?post_type=product&#038;p=2547"},"modified":"2026-03-10T05:27:16","modified_gmt":"2026-03-10T05:27:16","slug":"banera-para-mascotas","status":"publish","type":"product","link":"https:\/\/mascotasipasa.com.mx\/index.php\/product\/banera-para-mascotas\/","title":{"rendered":"BA\u00d1ERA IPASA\u00ae PARA MASCOTAS"},"content":{"rendered":"<p>Ba\u00f1era para mascotas construida en acero inoxidable calibre 18. calidad 304, las dimensiones de la ba\u00f1era son: 121.5 cm. ancho, 62 cm. de fondo y 50 cm. de profundidad. la altura del piso a la parte superior de la tina es de 92 cm. equipada con: respaldo de 51 cm. de alto, rampa en acero y piso pl\u00e1stico para parte superior y piso pl\u00e1stico para el fondo de la ba\u00f1era, mezclador de agua, manguera tipo resorte, regadera manual y coladera.<\/p>\n","protected":false},"excerpt":{"rendered":"<p>Ba\u00f1era para mascotas construida en acero inoxidable calibre 18. calidad 304, las dimensiones de la ba\u00f1era son: 121.5 cm. ancho, 62 cm. de fondo y 50 cm. de profundidad. la altura del piso a la parte superior de la tina es de 92 cm. equipada<\/p>\n","protected":false},"featured_media":2542,"comment_status":"open","ping_status":"closed","template":"","meta":[],"product_cat":[97,98,99],"product_tag":[],"_links":{"self":[{"href":"https:\/\/mascotasipasa.com.mx\/index.php\/wp-json\/wp\/v2\/product\/2547"}],"collection":[{"href":"https:\/\/mascotasipasa.com.mx\/index.php\/wp-json\/wp\/v2\/product"}],"about":[{"href":"https:\/\/mascotasipasa.com.mx\/index.php\/wp-json\/wp\/v2\/types\/product"}],"replies":[{"embeddable":true,"href":"https:\/\/mascotasipasa.com.mx\/index.php\/wp-json\/wp\/v2\/comments?post=2547"}],"wp:featuredmedia":[{"embeddable":true,"href":"https:\/\/mascotasipasa.com.mx\/index.php\/wp-json\/wp\/v2\/media\/2542"}],"wp:attachment":[{"href":"https:\/\/mascotasipasa.com.mx\/index.php\/wp-json\/wp\/v2\/media?parent=2547"}],"wp:term":[{"taxonomy":"product_cat","embeddable":true,"href":"https:\/\/mascotasipasa.com.mx\/index.php\/wp-json\/wp\/v2\/product_cat?post=2547"},{"taxonomy":"product_tag","embeddable":true,"href":"https:\/\/mascotasipasa.com.mx\/index.php\/wp-json\/wp\/v2\/product_tag?post=2547"}],"curies":[{"name":"wp","href":"https:\/\/api.w.org\/{rel}","templated":true}]}}