{"id":2527,"date":"2024-04-19T20:31:36","date_gmt":"2024-04-19T20:31:36","guid":{"rendered":"https:\/\/mascotasipasa.com.mx\/?post_type=product&#038;p=2527"},"modified":"2026-03-10T05:26:59","modified_gmt":"2026-03-10T05:26:59","slug":"modulo-p-mascotas-tipo-vertical","status":"publish","type":"product","link":"https:\/\/mascotasipasa.com.mx\/index.php\/product\/modulo-p-mascotas-tipo-vertical\/","title":{"rendered":"MODULO P\/MASCOTAS TIPO VERTICAL"},"content":{"rendered":"<p>M\u00f3dulo Hospitalario para cl\u00ednicas veterinarias en peque\u00f1as especies tipo vertical con 4 espacios y dimensiones totales de 62 x 40 x 210 cm; con capacidad de 4 espacios, con medidas cada uno de 40 cm de ancho, por 62 cm de fondo y 44 cm de altura, equipados con charolas de residuos en acero inoxidable y piso pl\u00e1stico rojo ipasa\u00ae; fabricado totalmente en acero inoxidable calidad 304 y rodado giratorio de 4&#8243;<\/p>\n","protected":false},"excerpt":{"rendered":"<p>M\u00f3dulo Hospitalario para cl\u00ednicas veterinarias en peque\u00f1as especies tipo vertical con 4 espacios y dimensiones totales de 62 x 40 x 210 cm; con capacidad de 4 espacios, con medidas cada uno de 40 cm de ancho, por 62 cm de fondo y 44 cm<\/p>\n","protected":false},"featured_media":2577,"comment_status":"open","ping_status":"closed","template":"","meta":[],"product_cat":[97,98,99],"product_tag":[],"_links":{"self":[{"href":"https:\/\/mascotasipasa.com.mx\/index.php\/wp-json\/wp\/v2\/product\/2527"}],"collection":[{"href":"https:\/\/mascotasipasa.com.mx\/index.php\/wp-json\/wp\/v2\/product"}],"about":[{"href":"https:\/\/mascotasipasa.com.mx\/index.php\/wp-json\/wp\/v2\/types\/product"}],"replies":[{"embeddable":true,"href":"https:\/\/mascotasipasa.com.mx\/index.php\/wp-json\/wp\/v2\/comments?post=2527"}],"wp:featuredmedia":[{"embeddable":true,"href":"https:\/\/mascotasipasa.com.mx\/index.php\/wp-json\/wp\/v2\/media\/2577"}],"wp:attachment":[{"href":"https:\/\/mascotasipasa.com.mx\/index.php\/wp-json\/wp\/v2\/media?parent=2527"}],"wp:term":[{"taxonomy":"product_cat","embeddable":true,"href":"https:\/\/mascotasipasa.com.mx\/index.php\/wp-json\/wp\/v2\/product_cat?post=2527"},{"taxonomy":"product_tag","embeddable":true,"href":"https:\/\/mascotasipasa.com.mx\/index.php\/wp-json\/wp\/v2\/product_tag?post=2527"}],"curies":[{"name":"wp","href":"https:\/\/api.w.org\/{rel}","templated":true}]}}